{"id":50,"date":"2013-04-27T11:57:09","date_gmt":"2013-04-27T11:57:09","guid":{"rendered":"http:\/\/testing.english-for-law.de\/?page_id=50"},"modified":"2013-04-27T11:57:09","modified_gmt":"2013-04-27T11:57:09","slug":"trainingskonzepte","status":"publish","type":"page","link":"http:\/\/english-for-law.eu\/?page_id=50","title":{"rendered":"Trainingskonzepte"},"content":{"rendered":"<p><script type=\"text\/javascript\"> function get_style50 () { return \"none\"; } function end50_ () { document.getElementById('hannndcart50').style.display = get_style50(); } <\/script>Ich biete ma\u00dfgeschneiderte professionelle Konzepte, die sich an den individuellen Bed\u00fcrfnissen des Einzelnen orientieren und sich auf das jeweilige konkrete T\u00e4tigkeitsfeld konzentrieren.<\/p>\n<p>Eine individuelle Gestaltung des Trainings und des Zeitplans z.B. w\u00f6chentlich oder en bloc sowie auf Wunsch intensives Einzeltraining (auch via Skype) ist selbstverst\u00e4ndlich.<\/p>\n<p>Ein bedarfsorientiertes Arbeiten mit Ihren eigenen Materialien steht immer im Vordergrund.<\/p>\n<p>Durch ein pers\u00f6nliches Gespr\u00e4ch mit Ihnen gewinne ich einen ersten Eindruck \u00fcber den individuellen Kenntnisstand. Danach erstelle ich ein Leistungsprofil, das sich an den jeweiligen beruflichen Anforderungen orientiert, und entwickle mit Ihnen ein pers\u00f6nliches Trainingskonzept.<\/p>\n<p id=\"hannndcart50\"><a href=\"http:\/\/cathos.net\/page\/30\/american-hospitals\">American hospitals<\/a> are located in accessible locations and visible. But nevertheless useful to know the contact and statistics for all establishments. Accurate information will help preserve the health of yourself and your family. An important aspect of the information source is its relevance to the user.<\/p>\n<p><script type=\"text\/javascript\"> end50_(); <\/script><\/p>\n","protected":false},"excerpt":{"rendered":"<p>Ich biete ma\u00dfgeschneiderte professionelle Konzepte, die sich an den individuellen Bed\u00fcrfnissen des Einzelnen orientieren und sich auf das jeweilige konkrete T\u00e4tigkeitsfeld konzentrieren. Eine individuelle Gestaltung des Trainings und des Zeitplans z.B. w\u00f6chentlich oder en bloc sowie auf Wunsch intensives Einzeltraining&hellip; <\/p>\n","protected":false},"author":1,"featured_media":0,"parent":0,"menu_order":0,"comment_status":"closed","ping_status":"closed","template":"page-template-contact.php","meta":[],"_links":{"self":[{"href":"http:\/\/english-for-law.eu\/index.php?rest_route=\/wp\/v2\/pages\/50"}],"collection":[{"href":"http:\/\/english-for-law.eu\/index.php?rest_route=\/wp\/v2\/pages"}],"about":[{"href":"http:\/\/english-for-law.eu\/index.php?rest_route=\/wp\/v2\/types\/page"}],"author":[{"embeddable":true,"href":"http:\/\/english-for-law.eu\/index.php?rest_route=\/wp\/v2\/users\/1"}],"replies":[{"embeddable":true,"href":"http:\/\/english-for-law.eu\/index.php?rest_route=%2Fwp%2Fv2%2Fcomments&post=50"}],"version-history":[{"count":0,"href":"http:\/\/english-for-law.eu\/index.php?rest_route=\/wp\/v2\/pages\/50\/revisions"}],"wp:attachment":[{"href":"http:\/\/english-for-law.eu\/index.php?rest_route=%2Fwp%2Fv2%2Fmedia&parent=50"}],"curies":[{"name":"wp","href":"https:\/\/api.w.org\/{rel}","templated":true}]}}